{"id":349,"date":"2024-04-22T06:45:18","date_gmt":"2024-04-22T06:45:18","guid":{"rendered":"https:\/\/hawai.li\/epesses-calamin\/?post_type=vigneron&#038;p=349"},"modified":"2025-03-19T13:57:08","modified_gmt":"2025-03-19T13:57:08","slug":"dubois-freres-sa","status":"publish","type":"vigneron","link":"http:\/\/epesses-calamin.ch\/de\/vignerons\/dubois-freres-sa\/","title":{"rendered":"Les Fr\u00e8res Dubois SA"},"content":{"rendered":"<p><strong>La passion du vin depuis 1927<\/strong><\/p>\n\n\n\n<p>Les Fr\u00e8res Dubois perp\u00e9tuent la tradition vigneronne depuis 1927 avec \u00e0 c\u0153ur la valorisation et le respect des typicit\u00e9s d&rsquo;appellations mythiques comme Epesses et Calamin Grand Cru. <\/p>\n\n\n\n<p>Ils offrent un large assortiment de vins blancs et rouges de qualit\u00e9. Les vins sont \u00e9lev\u00e9s dans les caves profondes du \u00ab\u00a0Petit Versailles\u00a0\u00bb. <\/p>\n\n\n\n<p>Pouss\u00e9e par une longue exp\u00e9rience et attach\u00e9e \u00e0 la recherche du plus haut niveau, la famille Dubois se consacre enti\u00e8rement aux exigences de l\u2019\u00e9laboration de Grands Crus.<\/p>\n\n\n\n<figure class=\"wp-block-gallery aligncenter has-nested-images columns-default is-cropped wp-block-gallery-1 is-layout-flex wp-block-gallery-is-layout-flex\">\n<figure class=\"wp-block-image size-large\"><img loading=\"lazy\" decoding=\"async\" width=\"1023\" height=\"1023\" data-id=\"617\" src=\"https:\/\/epesses-calamin.ch\/wp-content\/uploads\/2024\/04\/Bouteilles-Epesses-et-Calamin-Grand-Cru-les-freres-Dubois-1023x1023.png\" alt=\"Bouteilles Epesses et Calamin Grand Cru les fr\u00e8res Dubois\" class=\"wp-image-617\" srcset=\"https:\/\/epesses-calamin.ch\/wp-content\/uploads\/2024\/04\/Bouteilles-Epesses-et-Calamin-Grand-Cru-les-freres-Dubois-1023x1023.png 1023w, https:\/\/epesses-calamin.ch\/wp-content\/uploads\/2024\/04\/Bouteilles-Epesses-et-Calamin-Grand-Cru-les-freres-Dubois-300x300.png 300w, https:\/\/epesses-calamin.ch\/wp-content\/uploads\/2024\/04\/Bouteilles-Epesses-et-Calamin-Grand-Cru-les-freres-Dubois-150x150.png 150w, https:\/\/epesses-calamin.ch\/wp-content\/uploads\/2024\/04\/Bouteilles-Epesses-et-Calamin-Grand-Cru-les-freres-Dubois-768x768.png 768w, https:\/\/epesses-calamin.ch\/wp-content\/uploads\/2024\/04\/Bouteilles-Epesses-et-Calamin-Grand-Cru-les-freres-Dubois-1536x1536.png 1536w, https:\/\/epesses-calamin.ch\/wp-content\/uploads\/2024\/04\/Bouteilles-Epesses-et-Calamin-Grand-Cru-les-freres-Dubois-2047x2047.png 2047w, https:\/\/epesses-calamin.ch\/wp-content\/uploads\/2024\/04\/Bouteilles-Epesses-et-Calamin-Grand-Cru-les-freres-Dubois-12x12.png 12w, https:\/\/epesses-calamin.ch\/wp-content\/uploads\/2024\/04\/Bouteilles-Epesses-et-Calamin-Grand-Cru-les-freres-Dubois.png 1772w\" sizes=\"auto, (max-width: 1023px) 100vw, 1023px\" \/><\/figure>\n<\/figure>","protected":false},"excerpt":{"rendered":"<p>La passion du vin depuis 1927 Les Fr\u00e8res Dubois perp\u00e9tuent la tradition vigneronne depuis 1927 avec \u00e0 c\u0153ur la valorisation et le respect des typicit\u00e9s d&rsquo;appellations mythiques comme Epesses et Calamin Grand Cru. Ils offrent un large assortiment de vins blancs et rouges de qualit\u00e9. Les vins sont \u00e9lev\u00e9s dans les caves profondes du \u00ab\u00a0Petit [&hellip;]<\/p>\n","protected":false},"featured_media":616,"template":"","vigneron_category":[],"class_list":["post-349","vigneron","type-vigneron","status-publish","has-post-thumbnail","hentry"],"acf":{"is_single":["yes"],"vigne_subtitle":"La signature de 3 g\u00e9n\u00e9rations","vigne_address":"Chemin de Versailles 1","vigne_city":"1096 Cully","vigne_phone":"+41 21 799 22 22","vigne_mail":"office@lfd.ch","vigne_website":"http:\/\/www.lfd.ch\/","vigne_timetable":"Du mardi au vendredi: de 10h \u00e0 12h30 et de 15h \u00e0 19h\r\nLe samedi de 10h \u00e0 16h"},"yoast_head":"<!-- This site is optimized with the Yoast SEO plugin v27.4 - https:\/\/yoast.com\/product\/yoast-seo-wordpress\/ -->\n<title>Les Fr\u00e8res Dubois SA - Les vignobles Epesses et Calamin \u2013 Lavaux<\/title>\n<meta name=\"description\" content=\"Les fr\u00e8res Dubois produisent des vins fins \u00e0 Cully depuis de nombreuses g\u00e9n\u00e9rations.\" \/>\n<meta name=\"robots\" content=\"index, follow, max-snippet:-1, max-image-preview:large, max-video-preview:-1\" \/>\n<link rel=\"canonical\" href=\"https:\/\/epesses-calamin.ch\/de\/vignerons\/dubois-freres-sa\/\" \/>\n<meta property=\"og:locale\" content=\"de_DE\" \/>\n<meta property=\"og:type\" content=\"article\" \/>\n<meta property=\"og:title\" content=\"Les Fr\u00e8res Dubois SA - Les vignobles Epesses et Calamin \u2013 Lavaux\" \/>\n<meta property=\"og:description\" content=\"Les fr\u00e8res Dubois produisent des vins fins \u00e0 Cully depuis de nombreuses g\u00e9n\u00e9rations.\" \/>\n<meta property=\"og:url\" content=\"https:\/\/epesses-calamin.ch\/de\/vignerons\/dubois-freres-sa\/\" \/>\n<meta property=\"og:site_name\" content=\"Les vignobles Epesses et Calamin \u2013 Lavaux\" \/>\n<meta property=\"article:modified_time\" content=\"2025-03-19T13:57:08+00:00\" \/>\n<meta property=\"og:image\" content=\"https:\/\/epesses-calamin.ch\/wp-content\/uploads\/2024\/04\/Photo-les-freres-Dubois-a-Cully.png\" \/>\n\t<meta property=\"og:image:width\" content=\"2244\" \/>\n\t<meta property=\"og:image:height\" content=\"1358\" \/>\n\t<meta property=\"og:image:type\" content=\"image\/png\" \/>\n<meta name=\"twitter:card\" content=\"summary_large_image\" \/>\n<meta name=\"twitter:label1\" content=\"Gesch\u00e4tzte Lesezeit\" \/>\n\t<meta name=\"twitter:data1\" content=\"1\u00a0Minute\" \/>\n<script type=\"application\/ld+json\" class=\"yoast-schema-graph\">{\"@context\":\"https:\\\/\\\/schema.org\",\"@graph\":[{\"@type\":\"WebPage\",\"@id\":\"https:\\\/\\\/epesses-calamin.ch\\\/vignerons\\\/dubois-freres-sa\\\/\",\"url\":\"https:\\\/\\\/epesses-calamin.ch\\\/vignerons\\\/dubois-freres-sa\\\/\",\"name\":\"Les Fr\u00e8res Dubois SA - Les vignobles Epesses et Calamin \u2013 Lavaux\",\"isPartOf\":{\"@id\":\"https:\\\/\\\/epesses-calamin.ch\\\/fr\\\/#website\"},\"primaryImageOfPage\":{\"@id\":\"https:\\\/\\\/epesses-calamin.ch\\\/vignerons\\\/dubois-freres-sa\\\/#primaryimage\"},\"image\":{\"@id\":\"https:\\\/\\\/epesses-calamin.ch\\\/vignerons\\\/dubois-freres-sa\\\/#primaryimage\"},\"thumbnailUrl\":\"https:\\\/\\\/epesses-calamin.ch\\\/wp-content\\\/uploads\\\/2024\\\/04\\\/Photo-les-freres-Dubois-a-Cully.png\",\"datePublished\":\"2024-04-22T06:45:18+00:00\",\"dateModified\":\"2025-03-19T13:57:08+00:00\",\"description\":\"Les fr\u00e8res Dubois produisent des vins fins \u00e0 Cully depuis de nombreuses g\u00e9n\u00e9rations.\",\"breadcrumb\":{\"@id\":\"https:\\\/\\\/epesses-calamin.ch\\\/vignerons\\\/dubois-freres-sa\\\/#breadcrumb\"},\"inLanguage\":\"de\",\"potentialAction\":[{\"@type\":\"ReadAction\",\"target\":[\"https:\\\/\\\/epesses-calamin.ch\\\/vignerons\\\/dubois-freres-sa\\\/\"]}]},{\"@type\":\"ImageObject\",\"inLanguage\":\"de\",\"@id\":\"https:\\\/\\\/epesses-calamin.ch\\\/vignerons\\\/dubois-freres-sa\\\/#primaryimage\",\"url\":\"https:\\\/\\\/epesses-calamin.ch\\\/wp-content\\\/uploads\\\/2024\\\/04\\\/Photo-les-freres-Dubois-a-Cully.png\",\"contentUrl\":\"https:\\\/\\\/epesses-calamin.ch\\\/wp-content\\\/uploads\\\/2024\\\/04\\\/Photo-les-freres-Dubois-a-Cully.png\",\"width\":2244,\"height\":1358,\"caption\":\"Photo de la famille de Dubois Fr\u00e8re vignerons \u00e0 Cully\"},{\"@type\":\"BreadcrumbList\",\"@id\":\"https:\\\/\\\/epesses-calamin.ch\\\/vignerons\\\/dubois-freres-sa\\\/#breadcrumb\",\"itemListElement\":[{\"@type\":\"ListItem\",\"position\":1,\"name\":\"Accueil\",\"item\":\"https:\\\/\\\/epesses-calamin.ch\\\/\"},{\"@type\":\"ListItem\",\"position\":2,\"name\":\"Les Fr\u00e8res Dubois SA\"}]},{\"@type\":\"WebSite\",\"@id\":\"https:\\\/\\\/epesses-calamin.ch\\\/fr\\\/#website\",\"url\":\"https:\\\/\\\/epesses-calamin.ch\\\/fr\\\/\",\"name\":\"Les vignobles Epesses et Calamin \u2013 Lavaux\",\"description\":\"Association des propri\u00e9taires et vignerons des appellations Epesses et Calamin\",\"potentialAction\":[{\"@type\":\"SearchAction\",\"target\":{\"@type\":\"EntryPoint\",\"urlTemplate\":\"https:\\\/\\\/epesses-calamin.ch\\\/fr\\\/?s={search_term_string}\"},\"query-input\":{\"@type\":\"PropertyValueSpecification\",\"valueRequired\":true,\"valueName\":\"search_term_string\"}}],\"inLanguage\":\"de\"}]}<\/script>\n<!-- \/ Yoast SEO plugin. -->","yoast_head_json":{"title":"Les Fr\u00e8res Dubois SA - Les vignobles Epesses et Calamin \u2013 Lavaux","description":"Les fr\u00e8res Dubois produisent des vins fins \u00e0 Cully depuis de nombreuses g\u00e9n\u00e9rations.","robots":{"index":"index","follow":"follow","max-snippet":"max-snippet:-1","max-image-preview":"max-image-preview:large","max-video-preview":"max-video-preview:-1"},"canonical":"https:\/\/epesses-calamin.ch\/de\/vignerons\/dubois-freres-sa\/","og_locale":"de_DE","og_type":"article","og_title":"Les Fr\u00e8res Dubois SA - Les vignobles Epesses et Calamin \u2013 Lavaux","og_description":"Les fr\u00e8res Dubois produisent des vins fins \u00e0 Cully depuis de nombreuses g\u00e9n\u00e9rations.","og_url":"https:\/\/epesses-calamin.ch\/de\/vignerons\/dubois-freres-sa\/","og_site_name":"Les vignobles Epesses et Calamin \u2013 Lavaux","article_modified_time":"2025-03-19T13:57:08+00:00","og_image":[{"width":2244,"height":1358,"url":"https:\/\/epesses-calamin.ch\/wp-content\/uploads\/2024\/04\/Photo-les-freres-Dubois-a-Cully.png","type":"image\/png"}],"twitter_card":"summary_large_image","twitter_misc":{"Gesch\u00e4tzte Lesezeit":"1\u00a0Minute"},"schema":{"@context":"https:\/\/schema.org","@graph":[{"@type":"WebPage","@id":"https:\/\/epesses-calamin.ch\/vignerons\/dubois-freres-sa\/","url":"https:\/\/epesses-calamin.ch\/vignerons\/dubois-freres-sa\/","name":"Les Fr\u00e8res Dubois SA - Les vignobles Epesses et Calamin \u2013 Lavaux","isPartOf":{"@id":"https:\/\/epesses-calamin.ch\/fr\/#website"},"primaryImageOfPage":{"@id":"https:\/\/epesses-calamin.ch\/vignerons\/dubois-freres-sa\/#primaryimage"},"image":{"@id":"https:\/\/epesses-calamin.ch\/vignerons\/dubois-freres-sa\/#primaryimage"},"thumbnailUrl":"https:\/\/epesses-calamin.ch\/wp-content\/uploads\/2024\/04\/Photo-les-freres-Dubois-a-Cully.png","datePublished":"2024-04-22T06:45:18+00:00","dateModified":"2025-03-19T13:57:08+00:00","description":"Les fr\u00e8res Dubois produisent des vins fins \u00e0 Cully depuis de nombreuses g\u00e9n\u00e9rations.","breadcrumb":{"@id":"https:\/\/epesses-calamin.ch\/vignerons\/dubois-freres-sa\/#breadcrumb"},"inLanguage":"de","potentialAction":[{"@type":"ReadAction","target":["https:\/\/epesses-calamin.ch\/vignerons\/dubois-freres-sa\/"]}]},{"@type":"ImageObject","inLanguage":"de","@id":"https:\/\/epesses-calamin.ch\/vignerons\/dubois-freres-sa\/#primaryimage","url":"https:\/\/epesses-calamin.ch\/wp-content\/uploads\/2024\/04\/Photo-les-freres-Dubois-a-Cully.png","contentUrl":"https:\/\/epesses-calamin.ch\/wp-content\/uploads\/2024\/04\/Photo-les-freres-Dubois-a-Cully.png","width":2244,"height":1358,"caption":"Photo de la famille de Dubois Fr\u00e8re vignerons \u00e0 Cully"},{"@type":"BreadcrumbList","@id":"https:\/\/epesses-calamin.ch\/vignerons\/dubois-freres-sa\/#breadcrumb","itemListElement":[{"@type":"ListItem","position":1,"name":"Accueil","item":"https:\/\/epesses-calamin.ch\/"},{"@type":"ListItem","position":2,"name":"Les Fr\u00e8res Dubois SA"}]},{"@type":"WebSite","@id":"https:\/\/epesses-calamin.ch\/fr\/#website","url":"https:\/\/epesses-calamin.ch\/fr\/","name":"Les vignobles Epesses et Calamin \u2013 Lavaux","description":"Association des propri\u00e9taires et vignerons des appellations Epesses et Calamin","potentialAction":[{"@type":"SearchAction","target":{"@type":"EntryPoint","urlTemplate":"https:\/\/epesses-calamin.ch\/fr\/?s={search_term_string}"},"query-input":{"@type":"PropertyValueSpecification","valueRequired":true,"valueName":"search_term_string"}}],"inLanguage":"de"}]}},"_links":{"self":[{"href":"http:\/\/epesses-calamin.ch\/de\/wp-json\/wp\/v2\/vigneron\/349","targetHints":{"allow":["GET"]}}],"collection":[{"href":"http:\/\/epesses-calamin.ch\/de\/wp-json\/wp\/v2\/vigneron"}],"about":[{"href":"http:\/\/epesses-calamin.ch\/de\/wp-json\/wp\/v2\/types\/vigneron"}],"wp:featuredmedia":[{"embeddable":true,"href":"http:\/\/epesses-calamin.ch\/de\/wp-json\/wp\/v2\/media\/616"}],"wp:attachment":[{"href":"http:\/\/epesses-calamin.ch\/de\/wp-json\/wp\/v2\/media?parent=349"}],"wp:term":[{"taxonomy":"vigneron_category","embeddable":true,"href":"http:\/\/epesses-calamin.ch\/de\/wp-json\/wp\/v2\/vigneron_category?post=349"}],"curies":[{"name":"wp","href":"https:\/\/api.w.org\/{rel}","templated":true}]}}

Les Frères Dubois SA

<p><strong>La passion du vin depuis 1927</strong></p>



<p>Les Frères Dubois perpétuent la tradition vigneronne depuis 1927 avec à cœur la valorisation et le respect des typicités d&rsquo;appellations mythiques comme Epesses et Calamin Grand Cru. </p>



<p>Ils offrent un large assortiment de vins blancs et rouges de qualité. Les vins sont élevés dans les caves profondes du « Petit Versailles ». </p>



<p>Poussée par une longue expérience et attachée à la recherche du plus haut niveau, la famille Dubois se consacre entièrement aux exigences de l’élaboration de Grands Crus.</p>



<figure class="wp-block-gallery aligncenter has-nested-images columns-default is-cropped wp-block-gallery-1 is-layout-flex wp-block-gallery-is-layout-flex">
<figure class="wp-block-image size-large"><img loading="lazy" decoding="async" width="1023" height="1023" data-id="617" src="https://epesses-calamin.ch/wp-content/uploads/2024/04/Bouteilles-Epesses-et-Calamin-Grand-Cru-les-freres-Dubois-1023x1023.png" alt="Bouteilles Epesses et Calamin Grand Cru les frères Dubois" class="wp-image-617" srcset="https://epesses-calamin.ch/wp-content/uploads/2024/04/Bouteilles-Epesses-et-Calamin-Grand-Cru-les-freres-Dubois-1023x1023.png 1023w, https://epesses-calamin.ch/wp-content/uploads/2024/04/Bouteilles-Epesses-et-Calamin-Grand-Cru-les-freres-Dubois-300x300.png 300w, https://epesses-calamin.ch/wp-content/uploads/2024/04/Bouteilles-Epesses-et-Calamin-Grand-Cru-les-freres-Dubois-150x150.png 150w, https://epesses-calamin.ch/wp-content/uploads/2024/04/Bouteilles-Epesses-et-Calamin-Grand-Cru-les-freres-Dubois-768x768.png 768w, https://epesses-calamin.ch/wp-content/uploads/2024/04/Bouteilles-Epesses-et-Calamin-Grand-Cru-les-freres-Dubois-1536x1536.png 1536w, https://epesses-calamin.ch/wp-content/uploads/2024/04/Bouteilles-Epesses-et-Calamin-Grand-Cru-les-freres-Dubois-2047x2047.png 2047w, https://epesses-calamin.ch/wp-content/uploads/2024/04/Bouteilles-Epesses-et-Calamin-Grand-Cru-les-freres-Dubois-12x12.png 12w, https://epesses-calamin.ch/wp-content/uploads/2024/04/Bouteilles-Epesses-et-Calamin-Grand-Cru-les-freres-Dubois.png 1772w" sizes="auto, (max-width: 1023px) 100vw, 1023px" /></figure>
</figure>

<p>La passion du vin depuis 1927 Les Frères Dubois perpétuent la tradition vigneronne depuis 1927 avec à cœur la valorisation et le respect des typicités d&rsquo;appellations mythiques comme Epesses et Calamin Grand Cru. Ils offrent un large assortiment de vins blancs et rouges de qualité. Les vins sont élevés dans les caves profondes du « Petit [&hellip;]</p>

La signature de 3 générations

Du mardi au vendredi: de 10h à 12h30 et de 15h à 19h
Le samedi de 10h à 16h

<!-- This site is optimized with the Yoast SEO plugin v27.4 - https://yoast.com/product/yoast-seo-wordpress/ -->
<title>Les Frères Dubois SA - Les vignobles Epesses et Calamin – Lavaux</title>
<meta name="description" content="Les frères Dubois produisent des vins fins à Cully depuis de nombreuses générations." />
<meta name="robots" content="index, follow, max-snippet:-1, max-image-preview:large, max-video-preview:-1" />
<link rel="canonical" href="https://epesses-calamin.ch/de/vignerons/dubois-freres-sa/" />
<meta property="og:locale" content="de_DE" />
<meta property="og:type" content="article" />
<meta property="og:title" content="Les Frères Dubois SA - Les vignobles Epesses et Calamin – Lavaux" />
<meta property="og:description" content="Les frères Dubois produisent des vins fins à Cully depuis de nombreuses générations." />
<meta property="og:url" content="https://epesses-calamin.ch/de/vignerons/dubois-freres-sa/" />
<meta property="og:site_name" content="Les vignobles Epesses et Calamin – Lavaux" />
<meta property="article:modified_time" content="2025-03-19T13:57:08+00:00" />
<meta property="og:image" content="https://epesses-calamin.ch/wp-content/uploads/2024/04/Photo-les-freres-Dubois-a-Cully.png" />
	<meta property="og:image:width" content="2244" />
	<meta property="og:image:height" content="1358" />
	<meta property="og:image:type" content="image/png" />
<meta name="twitter:card" content="summary_large_image" />
<meta name="twitter:label1" content="Geschätzte Lesezeit" />
	<meta name="twitter:data1" content="1 Minute" />
<script type="application/ld+json" class="yoast-schema-graph">{"@context":"https:\/\/schema.org","@graph":[{"@type":"WebPage","@id":"https:\/\/epesses-calamin.ch\/vignerons\/dubois-freres-sa\/","url":"https:\/\/epesses-calamin.ch\/vignerons\/dubois-freres-sa\/","name":"Les Frères Dubois SA - Les vignobles Epesses et Calamin – Lavaux","isPartOf":{"@id":"https:\/\/epesses-calamin.ch\/fr\/#website"},"primaryImageOfPage":{"@id":"https:\/\/epesses-calamin.ch\/vignerons\/dubois-freres-sa\/#primaryimage"},"image":{"@id":"https:\/\/epesses-calamin.ch\/vignerons\/dubois-freres-sa\/#primaryimage"},"thumbnailUrl":"https:\/\/epesses-calamin.ch\/wp-content\/uploads\/2024\/04\/Photo-les-freres-Dubois-a-Cully.png","datePublished":"2024-04-22T06:45:18+00:00","dateModified":"2025-03-19T13:57:08+00:00","description":"Les frères Dubois produisent des vins fins à Cully depuis de nombreuses générations.","breadcrumb":{"@id":"https:\/\/epesses-calamin.ch\/vignerons\/dubois-freres-sa\/#breadcrumb"},"inLanguage":"de","potentialAction":[{"@type":"ReadAction","target":["https:\/\/epesses-calamin.ch\/vignerons\/dubois-freres-sa\/"]}]},{"@type":"ImageObject","inLanguage":"de","@id":"https:\/\/epesses-calamin.ch\/vignerons\/dubois-freres-sa\/#primaryimage","url":"https:\/\/epesses-calamin.ch\/wp-content\/uploads\/2024\/04\/Photo-les-freres-Dubois-a-Cully.png","contentUrl":"https:\/\/epesses-calamin.ch\/wp-content\/uploads\/2024\/04\/Photo-les-freres-Dubois-a-Cully.png","width":2244,"height":1358,"caption":"Photo de la famille de Dubois Frère vignerons à Cully"},{"@type":"BreadcrumbList","@id":"https:\/\/epesses-calamin.ch\/vignerons\/dubois-freres-sa\/#breadcrumb","itemListElement":[{"@type":"ListItem","position":1,"name":"Accueil","item":"https:\/\/epesses-calamin.ch\/"},{"@type":"ListItem","position":2,"name":"Les Frères Dubois SA"}]},{"@type":"WebSite","@id":"https:\/\/epesses-calamin.ch\/fr\/#website","url":"https:\/\/epesses-calamin.ch\/fr\/","name":"Les vignobles Epesses et Calamin – Lavaux","description":"Association des propriétaires et vignerons des appellations Epesses et Calamin","potentialAction":[{"@type":"SearchAction","target":{"@type":"EntryPoint","urlTemplate":"https:\/\/epesses-calamin.ch\/fr\/?s={search_term_string}"},"query-input":{"@type":"PropertyValueSpecification","valueRequired":true,"valueName":"search_term_string"}}],"inLanguage":"de"}]}</script>
<!-- / Yoast SEO plugin. -->

Les Frères Dubois SA - Les vignobles Epesses et Calamin – Lavaux

Les frères Dubois produisent des vins fins à Cully depuis de nombreuses générations.

Photo de la famille de Dubois Frère vignerons à Cully

Association des propriétaires et vignerons des appellations Epesses et Calamin
